Calculate the remainder when 349 is divided by 162.
25
What is the remainder when 62 is divided by 27?
8
What is the remainder when 393 is divided by 377?
16
What is the remainder when 126 is divided by 30?
6
Calculate the remainder when 222 is divided by 31.
5
What is the remainder when 4286 is divided by 27?
20
What is the remainder when 735 is divided by 163?
83
What is the remainder when 2402 is divided by 479?
7
Calculate the remainder when 187 is divided by 5.
2
Calculate the remainder when 307 is divided by 5.
2
What is the remainder when 32 is divided by 9?
5
What is the remainder when 11 is divided by 10?
1
Calculate the remainder when 516 is divided by 53.
39
What is the remainder when 104 is divided by 15?
14
Calculate the remainder when 672 is divided by 15.
12
What is the remainder when 908 is divided by 10?
8
Calculate the remainder when 156 is divided by 61.
34
Calculate the remainder when 1449 is divided by 26.
19
What is the remainder when 611 is divided by 49?
23
Calculate the remainder when 260 is divided by 17.
5
What is the remainder when 260 is divided by 128?
4
What is the remainder when 326 is divided by 11?
7
Calculate the remainder when 961 is divided by 27.
16
Calculate the remainder when 289 is divided by 35.
9
Calculate the remainder when 872 is divided by 432.
8
Calculate the remainder when 311 is divided by 78.
77
What is the remainder when 403 is divided by 255?
148
What is the remainder when 240 is divided by 31?
23
What is the remainder when 157 is divided by 33?
25
Calculate the remainder when 679 is divided by 34.
33
Calculate the remainder when 448 is divided by 148.
4
Calculate the remainder when 170 is divided by 19.
18
Calculate the remainder when 79 is divided by 30.
19
What is the remainder when 312 is divided by 97?
21
Calculate the remainder when 1607 is divided by 10.
7
What is the remainder when 9903 is divided by 26?
23
What is the remainder when 1404 is divided by 15?
9
What is the remainder when 63 is divided by 9?
0
What is the remainder when 2686 is divided by 84?
82
Calculate the remainder when 21 is divided by 10.
1
Calculate the remainder when 4885 is divided by 8.
5
Calculate the remainder when 4343 is divided by 2161.
21
What is the remainder when 197 is divided by 51?
44
Calculate the remainder when 1356 is divided by 673.
10
What is the remainder when 102 is divided by 83?
19
What is the remainder when 75 is divided by 11?
9
Calculate the remainder when 41 is divided by 29.
12
What is the remainder when 921 is divided by 198?
129
What is the remainder when 2739 is divided by 13?
9
What is the remainder when 19295 is divided by 288?
287
What is the remainder when 2086 is divided by 87?
85
What is the remainder when 1565 is divided by 28?
25
What is the remainder when 2389 is divided by 10?
9
What is the remainder when 1191 is divided by 591?
9
Calculate the remainder when 286 is divided by 277.
9
Calculate the remainder when 316 is divided by 11.
8
What is the remainder when 366 is divided by 57?
24
Calculate the remainder when 274 is divided by 40.
34
Calculate the remainder when 2132 is divided by 31.
24
Calculate the remainder when 123 is divided by 13.
6
Calculate the remainder when 374 is divided by 64.
54
What is the remainder when 168 is divided by 48?
24
What is the remainder when 157 is divided by 62?
33
What is the remainder when 1080 is divided by 34?
26
What is the remainder when 670 is divided by 17?
7
What is the remainder when 21923 is divided by 42?
41
Calculate the remainder when 5263 is divided by 34.
27
Calculate the remainder when 856 is divided by 163.
41
What is the remainder when 858 is divided by 72?
66
What is the remainder when 271 is divided by 91?
89
Calculate the remainder when 1702 is divided by 36.
10
What is the remainder when 558 is divided by 16?
14
What is the remainder when 597 is divided by 120?
117
Calculate the remainder when 795 is divided by 196.
11
What is the remainder when 867 is divided by 67?
63
What is the remainder when 83 is divided by 30?
23
What is the remainder when 307 is divided by 62?
59
Calculate the remainder when 103 is divided by 27.
22
What is the remainder when 248 is divided by 14?
10
What is the remainder when 1283 is divided by 98?
9
What is the remainder when 3928 is divided by 14?
8
Calculate the remainder when 936 is divided by 13.
0
Calculate the remainder when 985 is divided by 4.
1
What is the remainder when 71 is divided by 55?
16
What is the remainder when 632 is divided by 206?
14
What is the remainder when 4750 is divided by 97?
94
What is the remainder when 226 is divided by 52?
18
Calculate the remainder when 246 is divided by 56.
22
What is the remainder when 384 is divided by 39?
33
Calculate the remainder when 46 is divided by 12.
10
What is the remainder when 239 is divided by 11?
8
What is the remainder when 285 is divided by 136?
13
Calculate the remainder when 4981 is divided by 830.
1
Calculate the remainder when 180 is divided by 115.
65
Calculate the remainder when 781 is divided by 14.
11
What is the remainder when 165 is divided by 12?
9
Calculate the remainder when 113 is divided by 56.
1
Calculate the remainder when 357 is divided by 32.
5
What is the remainder when 5587 is divided by 233?
228
What is the remainder when 249 is divided by 82?
3
What is the remainder when 1249 is divided by 202?
37
Calculate the remainder when 836 is divided by 60.
56
What is the remainder when 4425 is divided by 49?
15
What is the remainder when 5663 is divided by 15?
8
What is the remainder when 7934 is divided by 31?
29
What is the remainder when 33 is divided by 8?
1
What is the remainder when 167 is divided by 134?
33
Calculate the remainder when 89 is divided by 42.
5
Calculate the remainder when 13 is divided by 5.
3
What is the remainder when 348 is divided by 33?
18
Calculate the remainder when 287 is divided by 32.
31
What is the remainder when 560 is divided by 33?
32
Calculate the remainder when 56 is divided by 46.
10
Calculate the remainder when 114 is divided by 56.
2
Calculate the remainder when 3580 is divided by 56.
52
Calculate the remainder when 1334 is divided by 662.
10
Calculate the remainder when 181 is divided by 123.
58
What is the remainder when 453 is divided by 6?
3
What is the remainder when 157 is divided by 64?
29
What is the remainder when 1779 is divided by 47?
40
What is the remainder when 98 is divided by 11?
10
What is the remainder when 3959 is divided by 132?
131
What is the remainder when 889 is divided by 287?
28
Calculate the remainder when 110 is divided by 64.
46
What is the remainder when 54 is divided by 14?
12
What is the remainder when 166 is divided by 58?
50
What is the remainder when 34 is divided by 10?
4
Calculate the remainder when 2267 is divided by 284.
279
What is the remainder when 69 is divided by 56?
13
What is the remainder when 18 is divided by 10?
8
Calculate the remainder when 2679 is divided by 10.
9
Calculate the remainder when 41 is divided by 13.
2
Calculate the remainder when 3541 is divided by 154.
153
What is the remainder when 34 is divided by 3?
1
Calculate the remainder when 10862 is divided by 112.
110
What is the remainder when 38 is divided by 21?
17
Calculate the remainder when 549 is divided by 55.
54
What is the remainder when 953 is divided by 313?
14
What is the remainder when 228 is divided by 78?
72
What is the remainder when 988 is divided by 99?
97
Calculate the remainder when 59 is divided by 5.
4
Calculate the remainder when 296 is divided by 60.
56
Calculate the remainder when 69 is divided by 5.
4
Calculate the remainder when 781 is divided by 56.
53
What is the remainder when 323 is divided by 165?
158
Calculate the remainder when 19942 is divided by 11.
10
Calculate the remainder when 7902 is divided by 193.
182
What is the remainder when 127 is divided by 9?
1
What is the remainder when 4020 is divided by 44?
16
Calculate the remainder when 265 is divided by 6.
1
Calculate the remainder when 72 is divided by 19.
15
What is the remainder when 14 is divided by 4?
2
What is the remainder when 1212 is divided by 589?
34
Calculate the remainder when 78 is divided by 10.
8
Calculate the remainder when 19116 is divided by 242.
2